
{"id":2912,"date":"2024-07-08T20:34:54","date_gmt":"2024-07-08T20:34:54","guid":{"rendered":"https:\/\/klementina.rs\/?post_type=product&#038;p=2912"},"modified":"2025-12-25T11:53:16","modified_gmt":"2025-12-25T11:53:16","slug":"urukum","status":"publish","type":"product","link":"https:\/\/klementina.rs\/en\/proizvod\/urukum\/","title":{"rendered":"Urukum"},"content":{"rendered":"","protected":false},"excerpt":{"rendered":"<p>Grm koji raste u tropskim delovima Amerike ima plod<br \/>\nod \u010dijeg semena se dobija prah URUKUM.<\/p>\n<p>Indijanci Brazila koristili su ovaj \u010duveni prah urukuma kao dodatak ishrani, za bojenje hrane, za za\u0161titu od sunca i komaraca, kao \u0161minku za slike koje su tradicionalno oslikavali po licu i dobili naziv &#8220;red skin&#8221;.<\/p>\n<p>Urukum ima neverovatan antioksidativni efekat koji poma\u017ee u borbi protiv slobodnih radikala odgovornih za starenje ko\u017ee.<\/p>\n<p>Urukum ima izuzetnu koli\u010dinu beta karotena \u010dak sto puta vi\u0161e od \u0161argarepe. Rudnik je biksina- molekula sli\u010dnom beta karotenu koji mu daje antioksidativnu mo\u0107<br \/>\nSadr\u017ei tako\u0111e cink, magnezijum, bakar, kalcijum i selen.<\/p>\n<p>Od praha se pravi macerat u ulju i koristi za izradu kozmetike za sun\u010danje.<\/p>\n<p>Macerat urukuma se koristi u pripremi za sun\u010danje ali ne mo\u017ee za\u0161tititi ko\u017eu du\u017ei vremenski period po najve\u0107em suncu zato se koristi kao dodatak tokom sun\u010danja ili za negu ko\u017ee lica i tela.<\/p>\n<p>Na\u0161 Macerat Urukuma napravljen je u baznom ulju masline i nevena tako da oporavlja ko\u017eu i nakon sun\u010danja i neguje je tokom cele godine.<\/p>\n<p>Pakovanje: 30ml<\/p>\n","protected":false},"featured_media":3145,"template":"","meta":[],"product_brand":[],"product_cat":[109,124,22,23],"product_tag":[],"class_list":{"0":"post-2912","1":"product","2":"type-product","3":"status-publish","4":"has-post-thumbnail","6":"product_cat-letnja-kolekcija","7":"product_cat-mazalice-puteri","8":"product_cat-nega-lica","9":"product_cat-nega-tela","11":"first","12":"instock","13":"shipping-taxable","14":"purchasable","15":"product-type-simple"},"_links":{"self":[{"href":"https:\/\/klementina.rs\/en\/wp-json\/wp\/v2\/product\/2912","targetHints":{"allow":["GET"]}}],"collection":[{"href":"https:\/\/klementina.rs\/en\/wp-json\/wp\/v2\/product"}],"about":[{"href":"https:\/\/klementina.rs\/en\/wp-json\/wp\/v2\/types\/product"}],"wp:featuredmedia":[{"embeddable":true,"href":"https:\/\/klementina.rs\/en\/wp-json\/wp\/v2\/media\/3145"}],"wp:attachment":[{"href":"https:\/\/klementina.rs\/en\/wp-json\/wp\/v2\/media?parent=2912"}],"wp:term":[{"taxonomy":"product_brand","embeddable":true,"href":"https:\/\/klementina.rs\/en\/wp-json\/wp\/v2\/product_brand?post=2912"},{"taxonomy":"product_cat","embeddable":true,"href":"https:\/\/klementina.rs\/en\/wp-json\/wp\/v2\/product_cat?post=2912"},{"taxonomy":"product_tag","embeddable":true,"href":"https:\/\/klementina.rs\/en\/wp-json\/wp\/v2\/product_tag?post=2912"}],"curies":[{"name":"wp","href":"https:\/\/api.w.org\/{rel}","templated":true}]}}

<p>Grm koji raste u tropskim delovima Amerike ima plod<br />
od čijeg semena se dobija prah URUKUM.</p>
<p>Indijanci Brazila koristili su ovaj čuveni prah urukuma kao dodatak ishrani, za bojenje hrane, za zaštitu od sunca i komaraca, kao šminku za slike koje su tradicionalno oslikavali po licu i dobili naziv &#8220;red skin&#8221;.</p>
<p>Urukum ima neverovatan antioksidativni efekat koji pomaže u borbi protiv slobodnih radikala odgovornih za starenje kože.</p>
<p>Urukum ima izuzetnu količinu beta karotena čak sto puta više od šargarepe. Rudnik je biksina- molekula sličnom beta karotenu koji mu daje antioksidativnu moć<br />
Sadrži takođe cink, magnezijum, bakar, kalcijum i selen.</p>
<p>Od praha se pravi macerat u ulju i koristi za izradu kozmetike za sunčanje.</p>
<p>Macerat urukuma se koristi u pripremi za sunčanje ali ne može zaštititi kožu duži vremenski period po najvećem suncu zato se koristi kao dodatak tokom sunčanja ili za negu kože lica i tela.</p>
<p>Naš Macerat Urukuma napravljen je u baznom ulju masline i nevena tako da oporavlja kožu i nakon sunčanja i neguje je tokom cele godine.</p>
<p>Pakovanje: 30ml</p>
